{"id":352,"date":"2023-10-08T20:20:52","date_gmt":"2023-10-08T18:20:52","guid":{"rendered":"https:\/\/psicologiamartamartin.com\/?page_id=352"},"modified":"2023-10-08T20:22:50","modified_gmt":"2023-10-08T18:22:50","slug":"proteccion-de-datos","status":"publish","type":"page","link":"https:\/\/psicologiamartamartin.com\/index.php\/proteccion-de-datos\/","title":{"rendered":"Aviso Legal"},"content":{"rendered":"\n<p>Microsoft Word &#8211; 11- Aviso legal web.docx<\/p>\n\n\n\n<p><strong>AVISO LEGAL<\/strong><\/p>\n\n\n\n<p>En cumplimiento del art\u00edculo 10 de la Ley 34\/2002, de 11 de julio, de Servicios de la Sociedad de la Informaci\u00f3n y Comercio Electr\u00f3nico, a continuaci\u00f3n se exponen los datos identificativos de la profesional:<\/p>\n\n\n\n<p>Nombre y apellidos: MARTA MART\u00cdN ESCRIBANO \u2013 PSIC\u00d3LOGA COLEGIADA No A-03142-COPPA Direcci\u00f3n: C\/ Felipe sanclemente 8 \u2013 50.001- ZARAGOZA<br>Tel\u00e9fono: 611640202<br>Correo electr\u00f3nico: psicologiaamartamartin@gmail.com<\/p>\n\n\n\n<p>El c\u00f3digo fuente, los dise\u00f1os gr\u00e1ficos, las im\u00e1genes, las fotograf\u00edas, los sonidos, las animaciones, el software, los textos, as\u00ed como la informaci\u00f3n y los contenidos que se recogen en la web www.sexologizate.com est\u00e1n protegidos por la legislaci\u00f3n espa\u00f1ola sobre los derechos de propiedad intelectual y no se permite la reproducci\u00f3n y\/o publicaci\u00f3n, total o parcial, del sitio web, ni su tratamiento inform\u00e1tico, su distribuci\u00f3n, su difusi\u00f3n, ni su modificaci\u00f3n, transformaci\u00f3n o descompilaci\u00f3n, ni dem\u00e1s derechos reconocidos legalmente a su titular, sin el permiso previo y por escrito del mismo.<\/p>\n\n\n\n<p>El usuario, \u00fanica y exclusivamente, puede utilizar el material que aparezca en este sitio web para su uso personal y privado, quedando prohibido su uso con fines comerciales o para incurrir en actividades il\u00edcitas. Todos los derechos derivados de la propiedad intelectual est\u00e1n expresamente reservados por MARTA MART\u00cdN ESCRIBANO.<\/p>\n\n\n\n<p>La responsable velar\u00e1 por el cumplimiento de las anteriores condiciones como por la debida utilizaci\u00f3n de los contenidos presentados en sus p\u00e1ginas web, ejercitando todas las acciones civiles y penales que le correspondan en el caso de infracci\u00f3n o incumplimiento de estos derechos por parte del usuario.<\/p>\n","protected":false},"excerpt":{"rendered":"<p>Microsoft Word &#8211; 11- Aviso legal web.docx AVISO LEGAL En cumplimiento del art\u00edculo 10 de la Ley 34\/2002, de 11 de julio, de Servicios de la Sociedad de la Informaci\u00f3n &hellip; <\/p>\n","protected":false},"author":1,"featured_media":0,"parent":0,"menu_order":0,"comment_status":"closed","ping_status":"closed","template":"","meta":{"_monsterinsights_skip_tracking":false,"_monsterinsights_sitenote_active":false,"_monsterinsights_sitenote_note":"","_monsterinsights_sitenote_category":0,"_uf_show_specific_survey":0,"_uf_disable_surveys":false,"footnotes":""},"class_list":["post-352","page","type-page","status-publish","hentry"],"yoast_head":"<!-- This site is optimized with the Yoast SEO plugin v26.9 - https:\/\/yoast.com\/product\/yoast-seo-wordpress\/ -->\n<title>Aviso Legal - Psicolog\u00eda Marta Mart\u00edn<\/title>\n<meta name=\"robots\" content=\"index, follow, max-snippet:-1, max-image-preview:large, max-video-preview:-1\" \/>\n<link rel=\"canonical\" href=\"https:\/\/psicologiamartamartin.com\/index.php\/proteccion-de-datos\/\" \/>\n<meta property=\"og:locale\" content=\"es_ES\" \/>\n<meta property=\"og:type\" content=\"article\" \/>\n<meta property=\"og:title\" content=\"Aviso Legal - Psicolog\u00eda Marta Mart\u00edn\" \/>\n<meta property=\"og:description\" content=\"Microsoft Word &#8211; 11- Aviso legal web.docx AVISO LEGAL En cumplimiento del art\u00edculo 10 de la Ley 34\/2002, de 11 de julio, de Servicios de la Sociedad de la Informaci\u00f3n &hellip;\" \/>\n<meta property=\"og:url\" content=\"https:\/\/psicologiamartamartin.com\/index.php\/proteccion-de-datos\/\" \/>\n<meta property=\"og:site_name\" content=\"Psicolog\u00eda Marta Mart\u00edn\" \/>\n<meta property=\"article:publisher\" content=\"https:\/\/www.instagram.com\/psicologiamartamartin\/\" \/>\n<meta property=\"article:modified_time\" content=\"2023-10-08T18:22:50+00:00\" \/>\n<meta name=\"twitter:card\" content=\"summary_large_image\" \/>\n<meta name=\"twitter:label1\" content=\"Tiempo de lectura\" \/>\n\t<meta name=\"twitter:data1\" content=\"1 minuto\" \/>\n<script type=\"application\/ld+json\" class=\"yoast-schema-graph\">{\"@context\":\"https:\/\/schema.org\",\"@graph\":[{\"@type\":\"WebPage\",\"@id\":\"https:\/\/psicologiamartamartin.com\/index.php\/proteccion-de-datos\/\",\"url\":\"https:\/\/psicologiamartamartin.com\/index.php\/proteccion-de-datos\/\",\"name\":\"Aviso Legal - Psicolog\u00eda Marta Mart\u00edn\",\"isPartOf\":{\"@id\":\"https:\/\/psicologiamartamartin.com\/#website\"},\"datePublished\":\"2023-10-08T18:20:52+00:00\",\"dateModified\":\"2023-10-08T18:22:50+00:00\",\"breadcrumb\":{\"@id\":\"https:\/\/psicologiamartamartin.com\/index.php\/proteccion-de-datos\/#breadcrumb\"},\"inLanguage\":\"es\",\"potentialAction\":[{\"@type\":\"ReadAction\",\"target\":[\"https:\/\/psicologiamartamartin.com\/index.php\/proteccion-de-datos\/\"]}]},{\"@type\":\"BreadcrumbList\",\"@id\":\"https:\/\/psicologiamartamartin.com\/index.php\/proteccion-de-datos\/#breadcrumb\",\"itemListElement\":[{\"@type\":\"ListItem\",\"position\":1,\"name\":\"Portada\",\"item\":\"https:\/\/psicologiamartamartin.com\/\"},{\"@type\":\"ListItem\",\"position\":2,\"name\":\"Aviso Legal\"}]},{\"@type\":\"WebSite\",\"@id\":\"https:\/\/psicologiamartamartin.com\/#website\",\"url\":\"https:\/\/psicologiamartamartin.com\/\",\"name\":\"Psicologia Marta Mart\u00edn\",\"description\":\"Tu lugar seguro\",\"publisher\":{\"@id\":\"https:\/\/psicologiamartamartin.com\/#organization\"},\"potentialAction\":[{\"@type\":\"SearchAction\",\"target\":{\"@type\":\"EntryPoint\",\"urlTemplate\":\"https:\/\/psicologiamartamartin.com\/?s={search_term_string}\"},\"query-input\":{\"@type\":\"PropertyValueSpecification\",\"valueRequired\":true,\"valueName\":\"search_term_string\"}}],\"inLanguage\":\"es\"},{\"@type\":\"Organization\",\"@id\":\"https:\/\/psicologiamartamartin.com\/#organization\",\"name\":\"Psicologia Marta Mart\u00edn\",\"url\":\"https:\/\/psicologiamartamartin.com\/\",\"logo\":{\"@type\":\"ImageObject\",\"inLanguage\":\"es\",\"@id\":\"https:\/\/psicologiamartamartin.com\/#\/schema\/logo\/image\/\",\"url\":\"https:\/\/psicologiamartamartin.com\/wp-content\/uploads\/2023\/10\/cropped-image-1.png\",\"contentUrl\":\"https:\/\/psicologiamartamartin.com\/wp-content\/uploads\/2023\/10\/cropped-image-1.png\",\"width\":512,\"height\":512,\"caption\":\"Psicologia Marta Mart\u00edn\"},\"image\":{\"@id\":\"https:\/\/psicologiamartamartin.com\/#\/schema\/logo\/image\/\"},\"sameAs\":[\"https:\/\/www.instagram.com\/psicologiamartamartin\/\"]}]}<\/script>\n<!-- \/ Yoast SEO plugin. -->","yoast_head_json":{"title":"Aviso Legal - Psicolog\u00eda Marta Mart\u00edn","robots":{"index":"index","follow":"follow","max-snippet":"max-snippet:-1","max-image-preview":"max-image-preview:large","max-video-preview":"max-video-preview:-1"},"canonical":"https:\/\/psicologiamartamartin.com\/index.php\/proteccion-de-datos\/","og_locale":"es_ES","og_type":"article","og_title":"Aviso Legal - Psicolog\u00eda Marta Mart\u00edn","og_description":"Microsoft Word &#8211; 11- Aviso legal web.docx AVISO LEGAL En cumplimiento del art\u00edculo 10 de la Ley 34\/2002, de 11 de julio, de Servicios de la Sociedad de la Informaci\u00f3n &hellip;","og_url":"https:\/\/psicologiamartamartin.com\/index.php\/proteccion-de-datos\/","og_site_name":"Psicolog\u00eda Marta Mart\u00edn","article_publisher":"https:\/\/www.instagram.com\/psicologiamartamartin\/","article_modified_time":"2023-10-08T18:22:50+00:00","twitter_card":"summary_large_image","twitter_misc":{"Tiempo de lectura":"1 minuto"},"schema":{"@context":"https:\/\/schema.org","@graph":[{"@type":"WebPage","@id":"https:\/\/psicologiamartamartin.com\/index.php\/proteccion-de-datos\/","url":"https:\/\/psicologiamartamartin.com\/index.php\/proteccion-de-datos\/","name":"Aviso Legal - Psicolog\u00eda Marta Mart\u00edn","isPartOf":{"@id":"https:\/\/psicologiamartamartin.com\/#website"},"datePublished":"2023-10-08T18:20:52+00:00","dateModified":"2023-10-08T18:22:50+00:00","breadcrumb":{"@id":"https:\/\/psicologiamartamartin.com\/index.php\/proteccion-de-datos\/#breadcrumb"},"inLanguage":"es","potentialAction":[{"@type":"ReadAction","target":["https:\/\/psicologiamartamartin.com\/index.php\/proteccion-de-datos\/"]}]},{"@type":"BreadcrumbList","@id":"https:\/\/psicologiamartamartin.com\/index.php\/proteccion-de-datos\/#breadcrumb","itemListElement":[{"@type":"ListItem","position":1,"name":"Portada","item":"https:\/\/psicologiamartamartin.com\/"},{"@type":"ListItem","position":2,"name":"Aviso Legal"}]},{"@type":"WebSite","@id":"https:\/\/psicologiamartamartin.com\/#website","url":"https:\/\/psicologiamartamartin.com\/","name":"Psicologia Marta Mart\u00edn","description":"Tu lugar seguro","publisher":{"@id":"https:\/\/psicologiamartamartin.com\/#organization"},"potentialAction":[{"@type":"SearchAction","target":{"@type":"EntryPoint","urlTemplate":"https:\/\/psicologiamartamartin.com\/?s={search_term_string}"},"query-input":{"@type":"PropertyValueSpecification","valueRequired":true,"valueName":"search_term_string"}}],"inLanguage":"es"},{"@type":"Organization","@id":"https:\/\/psicologiamartamartin.com\/#organization","name":"Psicologia Marta Mart\u00edn","url":"https:\/\/psicologiamartamartin.com\/","logo":{"@type":"ImageObject","inLanguage":"es","@id":"https:\/\/psicologiamartamartin.com\/#\/schema\/logo\/image\/","url":"https:\/\/psicologiamartamartin.com\/wp-content\/uploads\/2023\/10\/cropped-image-1.png","contentUrl":"https:\/\/psicologiamartamartin.com\/wp-content\/uploads\/2023\/10\/cropped-image-1.png","width":512,"height":512,"caption":"Psicologia Marta Mart\u00edn"},"image":{"@id":"https:\/\/psicologiamartamartin.com\/#\/schema\/logo\/image\/"},"sameAs":["https:\/\/www.instagram.com\/psicologiamartamartin\/"]}]}},"rttpg_featured_image_url":null,"rttpg_author":{"display_name":false,"author_link":"https:\/\/psicologiamartamartin.com\/index.php\/author\/psicologiamartamartin-com\/"},"rttpg_comment":0,"rttpg_category":null,"rttpg_excerpt":"Microsoft Word &#8211; 11- Aviso legal web.docx AVISO LEGAL En cumplimiento del art\u00edculo 10 de la Ley 34\/2002, de 11 de julio, de Servicios de la Sociedad de la Informaci\u00f3n &hellip;","_links":{"self":[{"href":"https:\/\/psicologiamartamartin.com\/index.php\/wp-json\/wp\/v2\/pages\/352","targetHints":{"allow":["GET"]}}],"collection":[{"href":"https:\/\/psicologiamartamartin.com\/index.php\/wp-json\/wp\/v2\/pages"}],"about":[{"href":"https:\/\/psicologiamartamartin.com\/index.php\/wp-json\/wp\/v2\/types\/page"}],"author":[{"embeddable":true,"href":"https:\/\/psicologiamartamartin.com\/index.php\/wp-json\/wp\/v2\/users\/1"}],"replies":[{"embeddable":true,"href":"https:\/\/psicologiamartamartin.com\/index.php\/wp-json\/wp\/v2\/comments?post=352"}],"version-history":[{"count":2,"href":"https:\/\/psicologiamartamartin.com\/index.php\/wp-json\/wp\/v2\/pages\/352\/revisions"}],"predecessor-version":[{"id":354,"href":"https:\/\/psicologiamartamartin.com\/index.php\/wp-json\/wp\/v2\/pages\/352\/revisions\/354"}],"wp:attachment":[{"href":"https:\/\/psicologiamartamartin.com\/index.php\/wp-json\/wp\/v2\/media?parent=352"}],"curies":[{"name":"wp","href":"https:\/\/api.w.org\/{rel}","templated":true}]}}